. Let b be t(-7). Let k = 96 + b. List the prime factors of (-24)/(-14)*k/(-4).
2, 3, 47
Let z = -215 - -218. List the prime factors of 9 - 7 - (-3 + (-195 - z)).
7, 29
Let x(q) = q**3 - 41*q**2 - 105*q + 548. List the prime factors of x(54).
2, 13, 97
Suppose 6388 + 5581 = 25*j - 1256. List the prime factors of j.
23
Let t be (5 - 18/4) + (-53)/(-2). Let d = t - -89. List the prime factors of d.
2, 29
Suppose -15*t + 696 = 81. Let l be (-3)/(-6) + (-34)/4. Let r = l + t. What are the prime factors of r?
3, 11
Let r(m) = -13*m - 3. Let h be r(-2). Suppose -5*p + 425 = -5*a, 19*a + 20 = h*a. What are the prime factors of p?
2, 3, 5
Suppose -2*k + 27329 = k + 5*g, -2*k + 3*g = -18232. Let w = k - 2311. Suppose 20*u + 2682 = w. List the prime factors of u.
2, 103
Let y(v) = -v**2 + 27*v - 18. Suppose 1 - 89 = -5*m - 4*g, -3*g = 4*m - 71. What are the prime factors of y(m)?
2, 61
Let v = 38901 - 15781. List the prime factors of v.
2, 5, 17
Let k = -49 - -11. Let u = 32 + -34. Let l = u - k. What are the prime factors of l?
2, 3
Let t(l) = -15*l + 125. Let r be t(8). Suppose r*c = 2*f + 5144 - 1551, -3*f + 2856 = 4*c. What are the prime factors of c?
3, 239
Let b(g) = 2*g**3 - 346*g**2 - 2*g - g**3 + 2 + 356*g**2. What are the prime factors of b(-10)?
2, 11
Suppose 0 = -2*t - 1468 + 5252. Let f = -976 + t. What are the prime factors of f?
2, 229
Suppose 2*q + 4*z = 140, -3*q + 3*z + 33 + 150 = 0. Let u be (-8)/(-7 - -3) + q. Let w = u + -24. What are the prime factors of w?
2, 3, 7
What are the prime factors of (-129395)/(-33) + 18/(-297)?
3, 1307
Let l(f) = 2*f + 8. Let b(w) = w + 4. Let a(u) = 5*b(u) - 2*l(u). Suppose s - 15 = -2*s. List the prime factors of a(s).
3
Let g = -83 + 81. List the prime factors of (-2 - 0)*g/3*174.
2, 29
Let q(h) = 3*h**3 - 6*h + 10. Suppose -3*f = 4*u - 56, -2*u - 10 - 50 = -4*f. Suppose -2*x + f*x - 42 = 0. What are the prime factors of q(x)?
73
Let d be -4 + -2 + (1 - -17 - 1). Suppose -d*c = -16591 + 3204. What are the prime factors of c?
1217
Let z be (-16)/(-56)*7*(-6)/(-4). Suppose 33*a - z*u = 37*a - 593, -5*u = a - 161. List the prime factors of a.
2, 73
Let m be ((-114648)/(-119))/((-2)/(-14)). Suppose 666*a + m = 672*a. List the prime factors of a.
2, 281
Let q = 25 + -22. Let n be (1/3)/(q/(-54)*-3). Suppose 3*y = -n*y + 285. List the prime factors of y.
3, 19
Let j = 47 + -57. List the prime factors of (j/(-4))/(40/1360).
5, 17
Suppose -39121 = -2*f + 3*x, 78179 = 4*f - x + 4*x. List the prime factors of f.
2, 5, 17, 23
Suppose -239 = -l - 8*u + 3*u, -2*l + 490 = -2*u. Suppose 0 = 2*b + 3*d + 108 + 133, -2*d = 2*b + l. Let r = b - -189. What are the prime factors of r?
2
Let b = -4 - -6. What are the prime factors of (1116/(-30))/(b - (-46)/(-20))?
2, 31
Suppose -3*k + 2*p = -211333, 4*k + p = 3*p + 281774. List the prime factors of k.
7, 29, 347
Suppose -3*g - 17*g + 3667560 = 110*g. What are the prime factors of g?
2, 3, 2351
Let a be ((-84)/105)/((-4)/290). Let i = a - -197. What are the prime factors of i?
3, 5, 17
Let x(v) = -v**2 - 18*v - 11. Let g be x(-13). Suppose 4*i - 88 = -q + 16, 0 = 2*i + q - g. Suppose 2*d - i = -3. List the prime factors of d.
11
Let u be (-106)/(-14) + (-125)/35 + 3. Suppose 3872 = u*x + 4*x. List the prime factors of x.
2, 11
Let a = 4851 + -2991. What are the prime factors of a?
2, 3, 5, 31
Suppose 21191434 = 895*b - 621*b. List the prime factors of b.
11, 79, 89
Let h be -6 + 3 + (-3 + 1)*-3. Suppose -4*s + 2*z = -20, -4*s + 3*z = -s - 15. Suppose -f + 87 = 4*m, s*f = -m - h*m + 387. List the prime factors of f.
3, 5
Let l(o) = 446*o**2 - 2*o + 3. Let x be l(1). Suppose p - x = 123. List the prime factors of p.
2, 3, 5, 19
Let x be 0/(12/4 + -1). Suppose x = 5*o + r - 902, -10*o + 13*o - 3*r - 552 = 0. What are the prime factors of o?
181
List the prime factors of -19*(9864/27)/((-16)/24).
2, 19, 137
Let d(l) = 67*l**3 + l**2 - 1. Let n be d(-1). Suppose -51*h + 1496 = -43*h. Let j = n + h. List the prime factors of j.
2, 3, 5
Suppose -5*c + c + t - 3371 = 0, -5*c = -3*t + 4219. Let q = 2020 + c. List the prime factors of q.
2, 19, 31
Suppose -10*j = 3642 + 2128. Let d = j + 1810. List the prime factors of d.
3, 137
Let f = 597 - -1388. List the prime factors of f.
5, 397
Suppose -269 = g - 4*v + 157, 0 = -4*g - 2*v - 1722. Let k = -804 - -1422. Let b = g + k. What are the prime factors of b?
2, 47
Let u(x) = -3 + 3*x**2 + x**2 - 2*x - 5*x**2 + 0*x**2. Let q be u(-2). Let v(j) = -10*j - 4. List the prime factors of v(q).
2, 13
Suppose 224 = 5*i - 1801. Suppose -60 + i = 3*b. What are the prime factors of b?
5, 23
Let d(s) be the third derivative of -s**5/12 + 683*s**3/6 - 59*s**2. What are the prime factors of d(0)?
683
Suppose -9*v - 30 = -66. Let i = 308 - v. What are the prime factors of i?
2, 19
Suppose -4*l + 21310 = -9*x + 11*x, -3*x = -3*l + 15960. Suppose l = -58*y + 63*y. What are the prime factors of y?
3, 5, 71
Let r = 264 - 264. What are the prime factors of r + (858/(-15))/((-8)/200)?
2, 5, 11, 13
What are the prime factors of (-3 + 11 + 40049)*1?
41, 977
Let c(z) = 114*z - 4 - 1 - 129*z. Let h(f) = -14*f - 6. Let y(t) = -4*c(t) + 6*h(t). List the prime factors of y(-3).
2, 7
What are the prime factors of (-2107176)/(-56) - (1 - (-9)/63)?
191, 197
Let q = -10 - -10. Suppose -4*u + 10*y - 7*y + 622 = 0, q = 3*u - 5*y - 461. Let s = u - 33. List the prime factors of s.
2, 31
Suppose -69779 = -41*g + 273801. What are the prime factors of g?
2, 5, 419
Let o(n) = n + 7. Let s be o(-6). Suppose 9 - s = -2*c. List the prime factors of 63 + (-2)/(c - -3).
5, 13
Let p(t) be the third derivative of 0*t - 1/120*t**6 + 7/60*t**5 + 0*t**4 + 0 + 11*t**2 + 3/2*t**3. List the prime factors of p(5).
59
Suppose 0 = 8*w - 6*w. Suppose 3*f - 2*q - 1552 = w, -4*f = 5*q - 624 - 1407. What are the prime factors of f?
2, 257
Let j = -55031 + 115326. What are the prime factors of j?
5, 31, 389
Let q be (9 - 9)/(1 + (-3)/1). Suppose 180 = b - 3*n, -711 = -4*b + 3*n - q*n. Suppose 0 = -0*u - 2*u + 3*t + b, -u - 4*t = -83. List the prime factors of u.
3, 29
Suppose -3*s - s - 12 = 0, 0 = 2*h + 3*s - 15. Let x be ((-21)/h)/(-7) + 138/24. Suppose x*m = 5*m + 121. What are the prime factors of m?
11
Let l = 971 + 925. What are the prime factors of l?
2, 3, 79
Let f(i) = 12*i**2 + 2*i + 1. Suppose 0 = -5*r + 2*v + 25, -3*r - 2*r + 25 = -3*v. What are the prime factors of f(r)?
311
Suppose 627610 = -163*g - 32*g + 1582135. List the prime factors of g.
5, 11, 89
Let f = 5483 + 1692. What are the prime factors of f?
5, 7, 41
Suppose -14*z + 9*z = -4080. Let h = z - 489. List the prime factors of h.
3, 109
Suppose -5*x - 20 = 2*c, 2*x + 4*c - 26 = 3*x. List the prime factors of x/9 + (-884)/(-3) + -1.
293
What are the prime factors of -2 + 17/((-68)/(-46936))?
2, 7, 419
Let j = -10382 + 14813. List the prime factors of j.
3, 7, 211
Suppose -8*r + 53928 = 7904. List the prime factors of r.
11, 523
Suppose -28*x = -93 + 9. Let s(c) = c - 4. Let g be s(4). Suppose g = x*l - 8*l + 185. List the prime factors of l.
37
Let v(k) = 48*k + 15. Let m be v(2). Let d = m - -199. What are the prime factors of d?
2, 5, 31
Let m = 358 - 503. Suppose 0 = 3*c - i - 715, -4*c = -22*i + 20*i - 950. Let k = m + c. What are the prime factors of k?
5, 19
Suppose -33*s + 49*s - 35536 = 0. Suppose 5*d - 3*g = s, -2*d + 548 = -5*g - 329. What are the prime factors of d?
2, 223
Let f(u) = -29*u**2 - 3*u + 16. Let r(y) = 10*y**2 + y - 5. Let s(w) = -3*f(w) - 8*r(w). Let q = -508 + 512. What are the prime factors of s(q)?
2, 3
Suppose 17*y - 22*y = 0. Suppose 4*s + 4*b - 2*b - 12 = 0, y = -4*s + b. What are the prime factors of ((-6)/12 + 0)*(-279 + s)?
139
Suppose 85*g - 13465 = 80*g. Suppose 12*p - 9*p + 5*z = 2728, 3*p - 2*z - g = 0. What are the prime factors of p?
17, 53
Let j = 12842 - 5668. List the prime factors of j.
2, 17, 211
Let u(b) = -b**3 + 6*b**2 + 2. Let x be u(6). Suppose -d = -k + 133, 5*d + 295 = x*k - 364. Let q = d + 231. What are the prime factors of q?
2, 5
Suppose -5*z - 10 = -0. Let a(m) = -4*m + 14. What are the prime factors of a(z)?
2, 11
Suppose -4*s = 2*y - 3460, 3*y + 0*y - 2*s - 5166 = 0. Suppose 3*g + b = y, -3*b + 588 = g - 0*g. List the prime factors of g.
3, 191
List the prime 